git of 131406678?
1
What is the hundreds digit of 50576044?
0
What is the millions digit of 522056136?
2
What is the hundreds digit of 39526869?
8
What is the tens digit of 67737923?
2
What is the tens digit of 2250238787?
8
What is the ten millions digit of 78800737?
7
What is the ten thousands digit of 64217780?
1
What is the billions digit of 1811373221?
1
What is the units digit of 329954860?
0
What is the tens digit of 107757462?
6
What is the tens digit of 399292322?
2
What is the ten millions digit of 494652166?
9
What is the hundred thousands digit of 1015522309?
5
What is the ten millions digit of 193045585?
9
What is the tens digit of 395245858?
5
What is the tens digit of 36073029?
2
What is the units digit of 433097849?
9
What is the thousands digit of 41390947?
0
What is the hundred thousands digit of 1000512258?
5
What is the hundred thousands digit of 323418750?
4
What is the millions digit of 378936768?
8
What is the hundreds digit of 60153967?
9
What is the thousands digit of 36948425?
8
What is the billions digit of 6764308584?
6
What is the ten thousands digit of 181107346?
0
What is the thousands digit of 1135127739?
7
What is the tens digit of 9083268?
6
What is the units digit of 298410657?
7
What is the thousands digit of 60943050?
3
What is the units digit of 26750350?
0
What is the hundred thousands digit of 178524941?
5
What is the millions digit of 1694345391?
4
What is the units digit of 44753288?
8
What is the ten thousands digit of 293428681?
2
What is the units digit of 3047794365?
5
What is the units digit of 173466356?
6
What is the millions digit of 59837356?
9
What is the tens digit of 185322641?
4
What is the ten thousands digit of 429608808?
0
What is the hundreds digit of 29627297?
2
What is the hundred thousands digit of 611978613?
9
What is the hundreds digit of 489219403?
4
What is the hundred thousands digit of 185361366?
3
What is the thousands digit of 506995030?
5
What is the hundred thousands digit of 560213743?
2
What is the units digit of 115535072?
2
What is the thousands digit of 45699731?
9
What is the ten thousands digit of 54869630?
6
What is the thousands digit of 91922489?
2
What is the hundreds digit of 42512215?
2
What is the ten millions digit of 1403051411?
0
What is the hundred thousands digit of 62304566?
3
What is the tens digit of 45161438?
3
What is the hundreds digit of 617391186?
1
What is the hundreds digit of 227439851?
8
What is the tens digit of 23034612?
1
What is the hundreds digit of 720003718?
7
What is the tens digit of 97492225?
2
What is the hundred millions digit of 2554355590?
5
What is the hundred thousands digit of 1674523017?
5
What is the millions digit of 343171725?
3
What is the tens digit of 79885420?
2
What is the billions digit of 1037322810?
1
What is the thousands digit of 113205360?
5
What is the thousands digit of 2800037304?
7
What is the tens digit of 47033850?
5
What is the tens digit of 669401611?
1
What is the units digit of 3906468?
8
What is the hundreds digit of 118849327?
3
What is the millions digit of 58410634?
8
What is the ten millions digit of 307789224?
0
What is the hundred thousands digit of 2436895067?
8
What is the ten thousands digit of 4719683?
1
What is the millions digit of 70533729?
0
What is the millions digit of 3232806368?
2
What is the ten thousands digit of 264647204?
4
What is the tens digit of 26775706?
0
What is the thousands digit of 164762783?
2
What is the hundred millions digit of 531145669?
5
What is the tens digit of 252569206?
0
What is the thousands digit of 428399428?
9
What is the millions digit of 89394861?
9
What is the units digit of 284660409?
9
What is the ten millions digit of 797490569?
9
What is the millions digit of 803883756?
3
What is the tens digit of 346679453?
5
What is the hundred millions digit of 1622040689?
6
What is the units digit of 197677697?
7
What is the units digit of 237492579?
9
What is the tens digit of 500757491?
9
What is the tens digit of 77006041?
4
What is the hundred thousands digit of 172219790?
2
What is the units digit of 1365605?
5
What is the ten millions digit of 15240680?
1
What is the units digit of 518744978?
8
What is the ten millions digit of 3555561482?
5
What is the millions digit of 271995572?
1
What is the ten thousands digit of 40972665?
7
What is the millions digit of 266819445?
6
What is the units digit of 140146433?
3
What is the thousands digit of 197879803?
9
What is the tens digit of 86021696?
9
What is the units digit of 2235074909?
9
What is the ten millions digit of 1357744849?
5
What is the hundred millions digit of 240952833?
2
What is the tens digit of 153366504?
0
What is the hundred thousands digit of 2355767?
3
What is the ten thousands digit of 63532949?
3
What is the hundreds digit of 267509025?
0
What is the units digit of 62149369?
9
What is the billions digit of 1915778029?
1
What is the tens digit of 49084760?
6
What is the thousands digit of 178260018?
0
What is the millions digit of 233760884?
3
What is the hundred thousands digit of 39938342?
9
What is the ten thousands digit of 42692420?
9
What is the hundreds digit of 33877147?
1
What is the ten millions digit of 45337367?
4
What is the ten millions digit of 85373912?
8
What is the ten thousands digit of 435700236?
0
What is the hundred thousands digit of 16987305?
9
What is the millions digit of 778066784?
8
What is the billions digit of 1396944537?
1
What is the hundred millions digit of 2656789456?
6
What is the tens digit of 1131868276?
7
What is the thousands digit of 128317875?
7
What is the ten thousands digit of 270726730?
2
What is the thousands digit of 141653346?
3
What is the billions digit of 2721888569?
2
What is the millions digit of 214596693?
4
What is the hundreds digit of 89135826?
8
What is the hundred millions digit of 521876022?
5
What is the thousands digit of 102729753?
9
What is the ten thousands digit of 3180842651?
4
What is the billions digit of 1345782675?
1
What is the millions digit of 4063494?
4
What is the millions digit of 5858563132?
8
What is the ten millions digit of 45077384?
4
What is the hundred thousands digit of 667900?
6
What is the units digit of 146824754?
4
What is the units digit of 150111698?
8
What is the tens digit of 94434961?
6
What is the hundred thousands digit of 930708924?
7
What is the hundred millions digit of 153840246?
1
What is the hundreds digit of 55027171?
1
What is the thousands digit of 53386186?
6
What is the hundred millions digit of 301131999?
3
What is the thousands digit of 25301706?
1
What is the thousands digit of 44959554?
9
What is the ten thousands digit of 36091980?
9
What is the hundred millions digit of 518679941?
5
What is the tens digit of 39378504?
0
What is the hundred millions digit of 157020789?
1
What is the ten millions digit of 961085527?
6
What is the hundred millions digit of 653109428?
6
What is the units digit of 4316059722?
2
What is the billions digit of 2685885266?
2
What is the millions digit of 145742829?
5
What is the ten thousands digit of 5670676603?
7
What is the tens digit of 2674706497?
9
What is the ten thousands digit of 108835642?
3
What is the hundred millions digit of 477785701?
4
What is the billions digit of 1106512756?
1
What is the ten thousands digit of 380053155?
5
What is the thousands digit of 178751636?
1
What is the thousands digit of 8214690?
4
What is the ten millions digit of 126659177?
2
What is the hundred millions digit of 288252315?
2
What is the ten millions digit of 575880622?
7
What is the units digit of 58180551?
1
What is the hundred millions digit of 426849463?
4
What is the millions digit of 49834198?
9
What is the billions digit of 1194054834?
1
What is the tens digit of 3079972110?
1
What is the thousands digit of 1101312764?
2
What is the ten millions digit of 7712908890?
1
What is the units digit of 399628238?
8
What is the millions digit of 447894363?
7
What is the billions digit of 3235402306?
3
What is the billions digit of 4292250615?
4
What is the ten thousands digit of 960411944?
1
What is the hundred millions digit of 2644656018?
6
What is the billions digit of 2165078742?
2
What is the ten thousands digit of 202087740?
8
What is the ten mill